{"id":572,"date":"2021-03-24T08:43:58","date_gmt":"2021-03-24T08:43:58","guid":{"rendered":"https:\/\/gwarant-zrb.pl\/?page_id=572"},"modified":"2021-03-24T19:15:49","modified_gmt":"2021-03-24T19:15:49","slug":"realizacje","status":"publish","type":"page","link":"https:\/\/gwarant-zrb.pl\/index.php\/realizacje\/","title":{"rendered":"Realizacje"},"content":{"rendered":"\t\t<div data-elementor-type=\"wp-page\" data-elementor-id=\"572\" class=\"elementor elementor-572\" data-elementor-settings=\"[]\">\n\t\t\t\t\t\t\t<div class=\"elementor-section-wrap\">\n\t\t\t\t\t\t\t<section class=\"elementor-section elementor-top-section elementor-element elementor-element-63de51b elementor-section-boxed elementor-section-height-default elementor-section-height-default\" data-id=\"63de51b\" data-element_type=\"section\" data-settings=\"{&quot;background_background&quot;:&quot;classic&quot;}\">\n\t\t\t\t\t\t\t<div class=\"elementor-background-overlay\"><\/div>\n\t\t\t\t\t\t\t<div class=\"elementor-container elementor-column-gap-default\">\n\t\t\t\t\t<div class=\"elementor-column elementor-col-100 elementor-top-column elementor-element elementor-element-5610d3d\" data-id=\"5610d3d\" data-element_type=\"column\">\n\t\t\t<div class=\"elementor-widget-wrap elementor-element-populated\">\n\t\t\t\t\t\t\t\t<div class=\"elementor-element elementor-element-5ef8028 elementor-widget-divider--view-line elementor-widget elementor-widget-divider\" data-id=\"5ef8028\" data-element_type=\"widget\" data-widget_type=\"divider.default\">\n\t\t\t\t<div class=\"elementor-widget-container\">\n\t\t\t\t\t<div class=\"elementor-divider\">\n\t\t\t<span class=\"elementor-divider-separator\">\n\t\t\t\t\t\t<\/span>\n\t\t<\/div>\n\t\t\t\t<\/div>\n\t\t\t\t<\/div>\n\t\t\t\t<div class=\"elementor-element elementor-element-185e495b elementor-widget elementor-widget-heading\" data-id=\"185e495b\" data-element_type=\"widget\" data-widget_type=\"heading.default\">\n\t\t\t\t<div class=\"elementor-widget-container\">\n\t\t\t<h4 class=\"elementor-heading-title elementor-size-default\">NASZE REALIZACJE<\/h4>\t\t<\/div>\n\t\t\t\t<\/div>\n\t\t\t\t<div class=\"elementor-element elementor-element-26516a2 elementor-widget elementor-widget-wp-widget-text\" data-id=\"26516a2\" data-element_type=\"widget\" data-widget_type=\"wp-widget-text.default\">\n\t\t\t\t<div class=\"elementor-widget-container\">\n\t\t\t\t\t\t<div class=\"textwidget\"><p><span style=\"color: white\">\u00a0<\/span><\/p>\n<ul>\n<li>W latach 1997 &#8211; 1999 realizacja zlece\u0144 dla klient\u00f3w indywidualnych oraz na potrzeby PBG S.A.<\/li>\n<li>W roku 2000 firma dzi\u0119ki wysokim ocenom jako\u015bci i terminowo\u015bci wykonania powierzonych zada\u0144 wygrywa przetarg na kompleksow\u0105 realizacj\u0119 obiekt\u00f3w bankowych dla Banku PEKAO S.A. i realizuje prace na terenie Katowic, B\u0119dzina, Rudy \u015al\u0105skiej, Bytomia, Piekar \u015al\u0105skich, Miko\u0142owa, Lubli\u0144ca i Tych.<\/li>\n<li>Rok 2001 &#8211; \u00a0Banku PEKAO S.A. na terenie Wa\u0142brzycha, Raciborza, Wroc\u0142awia, \u015awiecia, Polkowic i \u0141odzi.<\/li>\n<li>Bardzo dobra opinia o jako\u015bci prac zach\u0119ca przedstawicieli innych inwestor\u00f3w do skorzystania z us\u0142ug firmy. Powstaj\u0105 oddzia\u0142y Banku BRE w \u0141odzi, Gorzowie Wielkopolskim i Szczecinie.<\/li>\n<li>Rok 2003 &#8211; realizacja obiekt\u00f3w o wy\u017cszej kubaturze. Budowa Hali Magazynowo-produkcyjna w Ksawerowie dla firmy Eurostep Poland, oraz dwie hale handlowe dla firmy mi\u0119dzynarodowej EACC o ca\u0142kowitym metra\u017cu 34 000 m<sup>2<\/sup>.<\/li>\n<li>Jednocze\u015bnie realizowany jest obiekt centralny dla Departamentu Informatyki Multibank w \u0141odzi.<\/li>\n<li>Pocz\u0105tek wsp\u00f3\u0142pracy \u00a0z Bankiem Ochrony \u015arodowiska na realizacj\u0119 plac\u00f3wek bankowych, oraz remonty oddzia\u0142\u00f3w na terenie kraju .<\/li>\n<li>W tym samym roku uzyskujemy certyfikaty ISO 9001:2001 oraz 14001:1998.<\/li>\n<li>Rok 2004 to wykonanie 16 zlece\u0144 dla potrzeb BRE BANKU S.A. Jak r\u00f3wnie\u017c realizacje dla BO\u015a\u00a0 i SUPER-PHARM\u00a0 Poland SA.<\/li>\n<li>Rok 2005 sieci detalicznej dla BRE Bank S.A.<\/li>\n<li>Pozyskanie nowego zleceniodawc\u0119 &#8211; BRE LOCUM .<\/li>\n<li>Rok 2006 &#8211; Realizowane s\u0105 m.in. obiekty Royal Collection (Katowice, Warszawa ) oraz obiekty dla BRE Banku S.A.<\/li>\n<li>Rok 2007\u00a0 i\u00a0 2009 r.\u00a0 to realizacja dla BRE Banku , Banku Zachodniego, Nordea\u00a0 Banku S.A. \u00a0Royal Collection &#8211; dwa obiekty w Warszawie<\/li>\n<li>Wykaz prac realizowanych w latach 1997-2001:<\/li>\n<li>PBG S.A. Grupa Pekao S.A. I O w \u0141odzi<\/li>\n<li>PBG S.A. Grupa Pekao S.A. \u2013 III Oddzia\u0142 w \u0141odzi<\/li>\n<li>PBG S.A. Grupa Pekao S.A.:\n<ul>\n<li style=\"list-style-type: none\">\n<ul>\n<li>Pabianice<\/li>\n<li>Sieradz<\/li>\n<li>\u0141\u00f3d\u017a<\/li>\n<li>Stryk\u00f3w<\/li>\n<li>Zdu\u0144ska Wola<\/li>\n<li>\u0141ask<\/li>\n<li>Radomsko<\/li>\n<li>Wielu\u0144<\/li>\n<\/ul>\n<\/li>\n<\/ul>\n<\/li>\n<li>Bank PEKAO S.A. O\/Pabianice &#8211; Archiwum Bankowego<\/li>\n<li>Bank PEKAO S.A. O\/ \u0141\u00f3d\u017a<\/li>\n<li>LG Petro Bank S.A. O\/Pabianice<\/li>\n<li>PBG S.A. Grupa Pekao S.A. Centrala Banku \u2013 adaptacja pomieszcze\u0144,<\/li>\n<li>PBG S.A. Grupa Pekao S.A. Oddzia\u0142 Regionalny<\/li>\n<li>PBG S.A. Grupa Pekao S.A. ul. Nawrot w \u0141odzi \u2013 kompleksowy remont<\/li>\n<li>W\u0142asno\u015bciowa Sp\u00f3\u0142dzielnia NOVA w Pabianicach<\/li>\n<li>Rozw\u00f3j sieci dla Banku PEKAO S.A. \u2013 inwestycja pod klucz w:\n<ul>\n<li style=\"list-style-type: none\">\n<ul>\n<li>Rudzie \u015al\u0105skiej<\/li>\n<li>B\u0119dzinie<\/li>\n<li>Katowicach \u2013 2 obiekty<\/li>\n<li>Tychach \u2013 2 obiekty<\/li>\n<li>Bytomiu<\/li>\n<li>Lubli\u0144cu<\/li>\n<li>Piekarach \u015al\u0105skich<\/li>\n<li>Miko\u0142owie<\/li>\n<li>Wa\u0142brzychu<\/li>\n<li>Wroc\u0142awiu \u2013 3 obiekty<\/li>\n<li>Polkowicach<\/li>\n<li>\u0141odzi<\/li>\n<li>Raciborzu<\/li>\n<li>\u015awieciu<\/li>\n<li>Zielonej G\u00f3rze<\/li>\n<\/ul>\n<\/li>\n<\/ul>\n<\/li>\n<li>\u00a0Centra Us\u0142ug Finansowych Multibank BRE Banku S.A. \u2013 inwestycje pod klucz \u2013 w:\n<ul>\n<li style=\"list-style-type: none\">\n<ul>\n<li>\u0141odzi<\/li>\n<li>Katowicach<\/li>\n<li>Gorzowie Wielkopolskim<\/li>\n<li>Szczecinie<\/li>\n<li>Warszawie<\/li>\n<li>Nowym S\u0105czu<\/li>\n<\/ul>\n<\/li>\n<\/ul>\n<\/li>\n<li>\u00a0Hale handlowe EACC\u00a0 Centrum Handlowym\u00a0\u00a0 w Jab\u0142onowie k\/Warszawy<\/li>\n<li>\u201eNORD\u201d Sp. z o.o. \u2013 \u0141\u00f3d\u017a<\/li>\n<li>Budowa Hali Produkcyjnej &#8211; \u201eEUROSTEP POLAND\u201d Sp. z o.o. w Ksawerowie<\/li>\n<li>DATA DID CENTER Multibank BRE Bank S.A. w \u0141odzi<\/li>\n<li>CUF Multibank BRE Bank S.A. w \u0141odzi<\/li>\n<li>CUF Multibank BRE Bank S.A. w Warszawie<\/li>\n<li>BO\u015a \u2013 Bank Oddzia\u0142 -Ostr\u00f3w Wielkopolski<\/li>\n<li>PP Multibank BRE Bank S.A. Nowy S\u0105cz<\/li>\n<li>PP Multibank BRE Bank S.A. Sosnowiec<\/li>\n<li>PP Multibank BRE Bank S.A. Be\u0142chat\u00f3w<\/li>\n<li>PP Multibank BRE Bank S.A. S\u0142upsk<\/li>\n<li>PP Multibank BRE Bank S.A. Legnica<\/li>\n<li>PP Multibank BRE Bank S.A. Jelenia G\u00f3ra<\/li>\n<li>PP Multibank BRE Bank S.A. Skierniewice<\/li>\n<li>PP Multibank BRE Bank S.A. Kutno<\/li>\n<li>PP Multibank BRE Bank S.A. Zgierz<\/li>\n<li>PP Multibank BRE Bank S.A. D\u0105browa G\u00f3rnicza<\/li>\n<li>PP Multibank BRE Bank S.A. Tychy<\/li>\n<li>PP Multibank BRE Bank S.A. Zabrze<\/li>\n<li>PP Multibank BRE Bank S.A. \u015awidnica<\/li>\n<li>PP Multibank BRE Bank S.A. Wa\u0142brzych<\/li>\n<li>PP Multibank BRE Bank S.A. Tarnowskie G\u00f3ry<\/li>\n<li>PP Multibank BRE Bank S.A. Tarnobrzeg<\/li>\n<li>PP Multibank BRE Bank S.A. Pu\u0142awy<\/li>\n<li>PP Multibank BRE Bank S.A. Mielec<\/li>\n<li>PP Multibank BRE Bank S.A. Chrzan\u00f3w<\/li>\n<li>PP Multibank BRE Bank S.A. Nowy S\u0105cz<\/li>\n<li>PP Multibank BRE Bank S.A. Krosno<\/li>\n<li>PP Multibank BRE BANK S.A. Inowroc\u0142aw<\/li>\n<li>PP Multibank BRE BANK S.A. Polkowice<\/li>\n<li>PP Multibank BRE BANK S.A. Racib\u00f3rz<\/li>\n<li>PP Multibank BRE BANK S.A. \u015aroda Wielkopolska<\/li>\n<li>PP Multibank BRE BANK S.A. \u017byrard\u00f3w<\/li>\n<li>CUF Multibank S.A. Cz\u0119stochowa \u2013 2 plac\u00f3wki<\/li>\n<li>Oddzia\u0142 Banku NORDEA S.A. Pabianice<\/li>\n<li>BRE LOCUM \u2013 modernizacja pow. Biurowych &#8211; \u0141\u00f3d\u017a<\/li>\n<li>Apteka Wroc\u0142aw Drogeria Super \u2013Pharm &#8211; Wroc\u0142aw<\/li>\n<li>Royal Collection \u2013 Silesia \u2013 Katowice<\/li>\n<li>Royal Collection \u2013 Promenada Warszawa<\/li>\n<li>Royal Collection &#8211; Galeria Mokot\u00f3w, Warszawa<\/li>\n<li>Royal Collection &#8211; Z\u0142ote Tarasy\u00a0 &#8211; Warszawa<\/li>\n<li>BRE BANK S.A. CUF \u2013 Warszawa<\/li>\n<li>BRE BANK A. \u2013 Data Center\u00a0 \u0141\u00f3d\u017a<\/li>\n<li>ORW Las\u00f3w Pa\u0144stwowych \u2013 Bedo\u0144<\/li>\n<li>ZAE ERGOM \u2013 Topola Kr\u00f3lewska<\/li>\n<li>Bank Zachodni WBK S.A. \u2013 Krak\u00f3w, os. Kombatant\u00f3w 14<\/li>\n<li>Bank Zachodni WBK S.A. \u2013 Zgierz<\/li>\n<li>Bank Zachodni WBK S.A. \u2013 Krak\u00f3w, ul. Ko\u015bciuszki<\/li>\n<li>Bank Zachodni WBK SA , Krak\u00f3w, ul. Monte Cassino<\/li>\n<li>Bank Zachodni WBK SA , Be\u0142chat\u00f3w<\/li>\n<li>Bank Zachodni WBK SA , Pabianice<\/li>\n<li>Bank Zachodni WBK SA , Sieradz<\/li>\n<li>NORDEA Bank Polska SA , \u0141\u00f3d\u017a, ul. Rzgowska<\/li>\n<li>NORDEA Bank Polska SA , \u0141\u00f3d\u017a, ul. Gda\u0144ska<\/li>\n<li>Prace modernizacyjne Plac\u00f3wek MULTIBANKU SA: Kalisz, Bielsko \u2013 Bia\u0142a, Pabianice, Cz\u0119stochowa, \u0141\u00f3d\u017a, Warszawa, Gdynia, Toru\u0144, Wroc\u0142aw, Radom, Przemy\u015bl, Szczecin, Opole, Gliwice, Toru\u0144, Wroc\u0142aw, Krak\u00f3w, Zgierz, Pu\u0142awy, Lublin, Nysa Bia\u0142ystok, Tarn\u00f3w, Suwa\u0142ki, Rzesz\u00f3w.<\/li>\n<li>Prace modernizacyjne w Hipermarketach AUCHAN: Pozna\u0144, Warszawa<\/li>\n<li>Budowy dom\u00f3w dla inwestor\u00f3w prywatnych.<\/li>\n<\/ul>\n<p>&nbsp;<\/p>\n<\/div>\n\t\t\t\t<\/div>\n\t\t\t\t<\/div>\n\t\t\t\t\t<\/div>\n\t\t<\/div>\n\t\t\t\t\t\t\t<\/div>\n\t\t<\/section>\n\t\t\t\t<section class=\"elementor-section elementor-top-section elementor-element elementor-element-2fba55e elementor-section-boxed elementor-section-height-default elementor-section-height-default\" data-id=\"2fba55e\" data-element_type=\"section\">\n\t\t\t\t\t\t<div class=\"elementor-container elementor-column-gap-default\">\n\t\t\t\t\t<div class=\"elementor-column elementor-col-100 elementor-top-column elementor-element elementor-element-ece4513\" data-id=\"ece4513\" data-element_type=\"column\">\n\t\t\t<div class=\"elementor-widget-wrap elementor-element-populated\">\n\t\t\t\t\t\t\t\t<div class=\"elementor-element elementor-element-0e09399 elementor-widget elementor-widget-spacer\" data-id=\"0e09399\" data-element_type=\"widget\" data-widget_type=\"spacer.default\">\n\t\t\t\t<div class=\"elementor-widget-container\">\n\t\t\t\t\t<div class=\"elementor-spacer\">\n\t\t\t<div class=\"elementor-spacer-inner\"><\/div>\n\t\t<\/div>\n\t\t\t\t<\/div>\n\t\t\t\t<\/div>\n\t\t\t\t\t<\/div>\n\t\t<\/div>\n\t\t\t\t\t\t\t<\/div>\n\t\t<\/section>\n\t\t\t\t\t\t<\/div>\n\t\t\t\t\t<\/div>\n\t\t","protected":false},"excerpt":{"rendered":"<p>NASZE REALIZACJE<\/p>\n","protected":false},"author":1,"featured_media":0,"parent":0,"menu_order":0,"comment_status":"closed","ping_status":"closed","template":"","meta":[],"_links":{"self":[{"href":"https:\/\/gwarant-zrb.pl\/index.php\/wp-json\/wp\/v2\/pages\/572"}],"collection":[{"href":"https:\/\/gwarant-zrb.pl\/index.php\/wp-json\/wp\/v2\/pages"}],"about":[{"href":"https:\/\/gwarant-zrb.pl\/index.php\/wp-json\/wp\/v2\/types\/page"}],"author":[{"embeddable":true,"href":"https:\/\/gwarant-zrb.pl\/index.php\/wp-json\/wp\/v2\/users\/1"}],"replies":[{"embeddable":true,"href":"https:\/\/gwarant-zrb.pl\/index.php\/wp-json\/wp\/v2\/comments?post=572"}],"version-history":[{"count":28,"href":"https:\/\/gwarant-zrb.pl\/index.php\/wp-json\/wp\/v2\/pages\/572\/revisions"}],"predecessor-version":[{"id":626,"href":"https:\/\/gwarant-zrb.pl\/index.php\/wp-json\/wp\/v2\/pages\/572\/revisions\/626"}],"wp:attachment":[{"href":"https:\/\/gwarant-zrb.pl\/index.php\/wp-json\/wp\/v2\/media?parent=572"}],"curies":[{"name":"wp","href":"https:\/\/api.w.org\/{rel}","templated":true}]}}